- 7*c = -t*c + 1122, 4*i - 2304 = -5*c. Is i prime?
True
Let z be ((-693)/(-12))/(-7)*(-30 + 2). Suppose z + 114 = -5*o. Let x = o - -106. Is x a prime number?
True
Let j be 27/18 + 5/(-2) + 64. Let x = j - 65. Is (22056/28)/6 + x/7 prime?
True
Suppose 3*x - 35 = -2*q, -3*x + 2*q = -q - 15. Suppose 3*u - 3 = x. Suppose 0 = t - 5, -2*o - u*t = 3*o - 49855. Is o a prime number?
True
Let u = -45 - -48. Suppose 0 = v - u*k + 1, -v = -0*v + k - 11. Is -33*(v/(-2) + 3) prime?
False
Let i be (10/2 - 5)/(2 + 0). Suppose i = 8*l - 13 + 5. Is (5 + -2*588)/(l*-1) a prime number?
True
Is (47711 - 3) + -9 + -6 a prime number?
False
Suppose -v = -2*o - 60549, -93*v - 2*o = -88*v - 302733. Is v composite?
True
Let m(a) = -7 - 17 + 86 + 2466*a - 29. Is m(4) prime?
False
Let g(q) = q**3 - 6*q**2 + 6*q - 5. Let c be g(5). Suppose c*u - 5*u - 5 = 0. Is 4 - (u - (-1 - -47)) prime?
False
Suppose 3*q = -4*a + 1523241, a = -3*q + 1088229 + 435021. Is q prime?
False
Suppose -440844 = -4*t + 2*y + 721392, 1452801 = 5*t - 4*y. Is t a prime number?
True
Is 1899351/15 - (6/5)/3 a prime number?
False
Suppose 4*i - 14 = -10. Suppose i = 2*u + 11. Is (422/(-3))/((-2)/(-15)*u) composite?
False
Suppose 13326144 = 112*n - 10735445 - 7259099. Is n prime?
True
Let p(g) = g**3 + 29*g**2 + 63*g + 61. Is p(32) a composite number?
True
Suppose -v - 1064 = -4*k, -3*v = -6*k + 7*k - 279. Let z = 2 + -2. Suppose z = -3*f + 5*x + 578, f - 3*x - k = -73. Is f a composite number?
False
Let f(z) = -9*z**3 - 11*z**2 - 4*z - 1. Let r(j) = -16*j**3 - 22*j**2 - 9*j - 2. Let s(t) = -5*f(t) + 3*r(t). Is s(-12) composite?
True
Suppose -38 = 14*c + 46. Let b be 476/51 + -1 + (-4)/c. Suppose b*t = 20*t - 16247. Is t a prime number?
False
Let r(x) = x**2 + 30*x - 46. Let t = 68 - 91. Let i be r(t). Let d = 394 + i. Is d a composite number?
True
Suppose -3*v = 3*l - 440571, -2*v + 344662 - 50950 = l. Suppose 0 = -3*u - y + 88113, 7*u = 2*u - 5*y + v. Is u composite?
True
Suppose 82615385 - 103326357 = -176*x + 157070676. Is x a prime number?
False
Let w(s) = 2*s**3 - 127*s**2 - 23*s + 327. Is w(65) prime?
False
Let d = -86 + 91. Suppose -1447 = -5*p + d*g + 1953, 2*g - 6 = 0. Is p a prime number?
True
Suppose 3*m - 22 = 8. Let g = -5 - m. Is 2/g + (-21921)/(-45) composite?
False
Let m = 303 + -297. Is -7 + 7 + m - -1725*7 prime?
False
Suppose -26 = 8*t - 9*t. Suppose -3*b = -t + 14. Is ((45992/(-6))/b)/((-3)/9) a composite number?
False
Suppose -32*t + 192724 = -25*t. Suppose 54*m + t = 58*m. Is m a prime number?
True
Let f = -105642 - -51276. Is (f/(-143) - (-2)/(-11)) + 1 a composite number?
True
Let q(n) = 13*n - 9. Let l(a) = -3*a + 2. Let o(g) = -9*l(g) - 2*q(g). Let t be o(-2). Is 1320 + -5 + (t - -6) a prime number?
True
Let r(d) = -d**3 - 8*d**2 - 6*d + 22. Let g be r(10). Let z = -1020 - g. Is (z/(-1))/(-9 + 4 + 3) composite?
False
Let f be ((-25)/(-2))/(24/8784). Let m = f + 5690. Is m a prime number?
False
Let f = -278 - 340. Let u = 877 + f. Is u composite?
True
Suppose 13*z - 104 = -13*z. Suppose 4*g = p - z*p + 4834, -g + 1213 = 3*p. Is g prime?
False
Let b = -39256 - -72646. Suppose 10*l - 71580 = b. Is l a composite number?
True
Let i = -145 + 89. Let f = 58 + i. Suppose 0 = f*p - 2*r - 193 - 89, -2*p + 288 = r. Is p a prime number?
False
Let m(i) = 24*i**3 + 3*i**2 - 17*i - 3. Let s be m(-10). Is -1 - (s + 9 - 8) a composite number?
False
Let g(k) = -2*k + 20. Let d be ((-21)/(-12))/((-4)/(-16)). Let t be g(d). Is (524/t)/((-46)/(-207)) composite?
True
Suppose -19*p - 4 = -18*p, 5*b - 5*p = 4221435. Is b a composite number?
True
Let z be 11/(2 - ((-245)/(-20))/7). Is (-2153)/(-3) + z/33 composite?
False
Let p(l) = -3*l**3 - 10*l**2 - 14*l - 6. Let r be p(-5). Suppose 209 = 2*v + 3*j, 5*j + r = 2*v + 4*j. Is v a composite number?
False
Let t(y) = 2*y**3 + y**2 + 26*y - 27. Let j(q) = -6*q - 146. Let s be j(-26). Is t(s) a composite number?
False
Let i(n) = -144715*n - 2309. Is i(-4) prime?
True
Let t = 98644 + -27777. Is t a prime number?
True
Suppose 473*z = 478*z + 2*h - 1725079, 4*h = z - 344985. Is z composite?
True
Let a be (932 - -2)*(-2)/4. Let k = 866 + a. Let m = 82 + k. Is m composite?
True
Let n(f) = -3*f**2 + f + 4111. Let u(l) = -l**3 + 3*l**2 - l + 20. Let a be u(4). Is n(a) prime?
True
Let s = 193097 + -121043. Is 1/(-5) + s/45 a prime number?
True
Let y(k) = -58*k - 18. Let p(i) be the second derivative of -29*i**3/3 - 9*i**2 + 5*i. Let w(o) = 6*p(o) - 5*y(o). Is w(-8) a prime number?
False
Let n be 2/(-6) + 126/54. Suppose 0 = -n*f - 3*m - 2, -f - 4*m = -1 + 7. Suppose v = u + u - 2952, 2958 = 2*u + f*v. Is u prime?
False
Let u be (-39)/(-6)*2/(-1). Is (0 - -1) + u/((-39)/192) a composite number?
True
Let z(k) = 186*k**3 + 3*k**2 + 24*k - 82. Is z(13) a composite number?
False
Let q(t) = 607*t - 19. Let u be q(7). Suppose 8*i = -i + u. Let m = 785 + i. Is m prime?
False
Suppose 2946156 = 333*n - 656*n + 335*n. Is n composite?
False
Is 16/8*2931 - 8 a composite number?
True
Suppose 19*v - 38 = 38. Suppose -v*r = -0*r - 4324. Is r prime?
False
Is (-14 - (-3484877)/(-66))*-6 a prime number?
True
Suppose 711*u - 3783366 = 693*u. Is u a composite number?
False
Suppose -4*r - 24 = -3*u, 8*r + 16 = 2*u + 4*r. Suppose u*q + 6*q - 9142 = 0. Is q prime?
True
Is (1851705/(-18))/(-2 - (-6)/4) prime?
False
Let n be 484869/22*(-12)/(-9). Suppose -20*g + 6*g = -n. Is g prime?
True
Let u = 40940 - -23079. Is u a composite number?
False
Let d(l) = 157*l**2 - 65*l + 761. Is d(49) prime?
False
Let o be 1/(30/204) + 1/5. Suppose -17 = 4*n + o. Is (0 + 10053/12)*(-16)/n prime?
False
Let z(p) be the second derivative of p**4/12 + 7*p**3/3 + 21*p**2/2 + 14*p. Let c be z(-11). Is (c/6)/(2/(-299)) prime?
False
Suppose 0 = -4*s - 4, 20*f = 18*f - s + 101497. Is f a prime number?
False
Let l(p) = -550*p**2 + 7*p - 20. Let u be l(-5). Let r = -5902 - u. Is r a prime number?
False
Let t = 120476 + -64081. Is t a prime number?
False
Suppose 27*o = 26*o - 8086. Let r = 11687 + o. Is r a prime number?
False
Suppose -2*v + 3*y + 49574 = 0, 3*v - 97*y + 95*y = 74371. Is v prime?
True
Let c = -49 - -53. Suppose -9 = -2*t + 5*u + 11, u = -c*t - 4. Suppose 3*f - 6*f + 1671 = t. Is f prime?
True
Is (-1596 + (-10)/2)*-5 composite?
True
Suppose 0 = d + 8*d - 99. Suppose d*v - 7194 = -0*v. Suppose -2*t + 1320 = 4*n, 8*t - v = -2*n + 4*t. Is n a prime number?
True
Suppose 2*j - q - 17070 = 0, -2*q + 25605 = 3*j - 0*q. Suppose -26*i + 21*i = -j. Is i a composite number?
True
Let x(r) = -10*r - 15*r - r**3 - 12*r + 43 + 42*r. Is x(-10) a prime number?
False
Let s be 26/6 - 12/9. Suppose s*b = 4*b - 81. Is (5/15)/(3/b) a composite number?
True
Suppose j + 1712 = -4544. Let r = 11343 + j. Is r composite?
False
Let p be (-1)/((-2)/(-3)*(-66)/616). Is p*(-7)/(-42)*411 a prime number?
False
Let k = 157 + -157. Suppose -2*b + 4 = k, 3*b = i - b - 131. Is i a composite number?
False
Suppose -1553411 = -19*s + 2790073 - 997147. Is s prime?
True
Suppose 3*m + 3*n = -15272 + 41531, 5*n = m - 8741. Let y = m - 6052. Is y prime?
True
Let m(j) = -j**3 + 5*j**2 - j + 1. Suppose g - 3*n - 17 - 9 = 0, -n = -2*g + 67. Let y = -31 + g. Is m(y) a prime number?
True
Let k(z) = -52250*z**3 + 2*z**2 - z - 2. Is k(-1) a composite number?
True
Let d be (507/(-2))/((-3)/6). Suppose m - 2*m = -4*q + 487, d = -m - q. Let f = -94 - m. Is f prime?
True
Suppose 7*l = 42, 299171 = 5*j - 20*l + 16*l. Is j prime?
False
Suppose 0 = 10510*n - 10469*n - 2908171. Is n composite?
True
Suppose -624021 = -3*i + 3*x, 40*x - 128 = 32. Is i a composite number?
True
Let h(d) = -216*d**2 + 5*d - 20. Let p be h(2). Suppose 3*w + 3801 = -0*w. Let f = p - w. Is f prime?
False
Let p(r) = 15*r**2 - r - 1. Let m = -38 - -36. Let n be p(m). Let f = -35 + n. Is f a composite number?
True
Suppose n + 207914 = 2*v, 3*v + 99*n - 311871 = 98*n. Is v a prime number?
False
Let h(o) = o**3 + 8*o**2 + 2*o + 4. Let r be h(-6). Is ((-202)/(-8))/(2*4/r) prime?
False
Suppose -25 = 5*u, 12*i = 7*i - 2*u - 85. Let c(b) = -b**3 - 10*b**2 - 19*b - 44. Let j be c(i). Suppose -j = -3*y - 223. Is y a prime number?
False
Let a(f) = 24948*f**2 - 1968*f + 7. Is a(-12) composite?
True
Let h(b) = 94*b**2 + 34*b + 447. Is h(-23) a prime number?
True
Suppose -7*t = -6*t. Suppose t*y 